ommon divisor of 36 and m?
9
Let y(r) = 23*r**2 + 14*r + 8. Let v be y(2). Let d(f) = 17*f - 2. Let k be d(-4). Let h = v + k. Calculate the highest common divisor of h and 29.
29
Let b be 12/(0 - -1) - 0. Let y be 10/100*655 + 13/26. What is the highest common factor of y and b?
6
Let i(k) = -103*k - 1896. Let u be i(-42). What is the highest common factor of 15 and u?
15
Suppose -4*n + 21685 = t, -1419*n = -1424*n - 5*t + 27110. What is the greatest common factor of n and 3?
3
Suppose -6 = -4*l + 14. Let o(s) = -s**3 - 13*s**2 - 12*s - 2. Let q be o(-12). Let g be 150/(-4)*q/3. What is the highest common factor of g and l?
5
Suppose 6*p - 296 - 64 = 0. Suppose 3*z - 2*o = p, -5*z + 2*o = -9*z + 66. Suppose 4*l + 18 = 6*l. Calculate the greatest common factor of z and l.
9
Suppose 0 = -11*p + 4*p. Suppose g + 166 + 39 = 2*x, p = 2*x - 4*g - 190. What is the greatest common factor of x and 70?
35
Let i(d) = 8*d**2 + 224*d + 390. Let f be i(-28). Suppose 3*m - 5*m = -312. Calculate the highest common factor of m and f.
78
Suppose -2*x + 3*p + 0*p + 18 = 0, -3*x - 3*p - 3 = 0. Suppose -462*k + 460*k + 186 = 0. Calculate the greatest common divisor of k and x.
3
Let m be (-16)/(-28) + (-15906)/77. Let x be 224/(-84)*(m/4 + -1). What is the greatest common divisor of 105 and x?
35
Suppose 2*r = 3*b - 34, -8*r = -6*r - 2. Let j = 56 - 26. Calculate the highest common divisor of j and b.
6
Let r be -10*(-29)/((-145)/(-32)). What is the greatest common divisor of r and 8704?
64
Suppose -2*c - 334 = -5*q, -8*q + 270 = -4*q - 3*c. Calculate the greatest common divisor of 781 and q.
11
Let b be 50 - -9*(-4)/(-6). Let x = -14 - -22. What is the greatest common factor of x and b?
8
Suppose 192*w - 83752 = -344*w - 13000. What is the highest common factor of 39 and w?
3
Let c be (0 - 3)*(-44)/33 - -8. What is the greatest common factor of c and 372?
12
Suppose -5*k + 90 = -5*d, -100 + 92 = -k + 2*d. Let w(j) = j + 308. Let n be w(0). What is the greatest common divisor of k and n?
28
Suppose -3*w = -39 - 933. Let v(n) = -2*n**3 + 34*n**2 - 84*n + 18. Let z be v(14). Calculate the greatest common divisor of z and w.
18
Suppose -8*z - 24 = -128. Suppose z*s = 2311 - 166. What is the greatest common divisor of s and 99?
33
Suppose -6*i + 11 = -31, d + 5*i - 515 = 0. Calculate the greatest common divisor of d and 490.
10
Let v = 1366 - 1270. Calculate the greatest common factor of v and 608.
32
Suppose 24384*j = 24361*j + 12328. Calculate the highest common divisor of j and 201.
67
Let k be (3 + -12)*(-1 + 8)*1. Let m = k + 159. Let r be -2 + m/42 - 439/(-7). Calculate the highest common factor of r and 9.
9
Suppose -3997 = 3*h - 3*u - 20257, u = 5. What is the highest common divisor of 279 and h?
31
Let p be (-93)/(-155) + 867/5. What is the highest common divisor of 9860 and p?
58
Let l = 891 + -1268. Let z = 1136 + l. What is the greatest common factor of 69 and z?
69
Let x = 8572 - 5332. What is the greatest common factor of x and 135?
135
Let j = 13433 + -11233. What is the greatest common divisor of j and 2000?
200
Let i be (-150194)/(-462) - ((-19)/21 + 1). What is the highest common divisor of 25 and i?
25
Let d be (52/65)/(2/(-15)). Let m(q) = -q**2 - 5*q + 18. Let j be m(d). Let r(w) = 60*w**2. Let s be r(1). What is the greatest common divisor of j and s?
12
Suppose -4 = 3*s - 7*s. Suppose -2*k = 5*u - 24, s = 2*k - 3. Suppose -g = w + u*g - 8, 0 = w - g - 38. What is the greatest common divisor of 3 and w?
3
Let w be ((-336)/(-15))/(5/25). Let b = 953 + -857. Calculate the highest common factor of b and w.
16
Let n be (-422)/22 + 2/11. Let z = n - -94. Suppose 5*q = 4*f - 190, 66 = -q + 68. Calculate the highest common factor of f and z.
25
Let g(k) = k**2 - 10*k + 8 + 36*k - 13*k. Let y = 1 + 11. Let f be g(y). What is the greatest common divisor of f and 28?
28
Let n = 115 - -11. Suppose 6*j - 112*j = 9*j - 2070. Calculate the greatest common divisor of j and n.
18
Suppose f + 3*t = 301 + 363, 0 = -3*t + 24. Calculate the greatest common factor of f and 15.
5
Suppose -3886 = -104*v + 2213 + 6069. Suppose 0 = 2*q - 3*b - 23, -2*q + b = -q - 12. What is the greatest common factor of q and v?
13
Let k = 2402 + -1474. What is the highest common divisor of 58 and k?
58
Let x(f) = -f**3 + 78*f**2 - 78*f + 271. Let b be x(77). What is the greatest common factor of 29294 and b?
194
Let h = -2 - -18. Suppose 2*u = 2*n + 76, -71*u + 5*n - 2 = -72*u. Calculate the greatest common factor of h and u.
16
Let p = 137 - 218. Let d = p + 80. Let f be (-3 - d)/((-30)/405). Calculate the greatest common divisor of 3 and f.
3
Suppose 284*r + 1202094 = 397*r. What is the highest common divisor of 54 and r?
54
Suppose 32*d - 30*d + 5*q - 1324 = 0, -3*d + 1996 = 5*q. What is the greatest common divisor of 798 and d?
42
Suppose -396 = -11*u + 23*u. Let s be (-18)/(-33) - 9519/u. Calculate the highest common divisor of s and 34.
17
Let h(n) = -n**3 - 48*n**2 + 243*n + 105. Let o be h(-53). What is the greatest common factor of 533 and o?
41
Let o be 300/(-21) + 12/42. Let d(u) = -6*u - 37. Let l be d(o). Suppose p = -p + 4, p - l = -5*m. What is the highest common factor of 9 and m?
9
Let p = 26655 - 26536. Calculate the highest common factor of p and 3502.
17
Let a(c) = 14*c**3 + 8*c - 14. Let r be a(2). Suppose 4*b + 34*b - r = 0. What is the greatest common divisor of b and 1?
1
Let i be ((-789)/15 - (-6)/10)*-2. What is the greatest common divisor of i and 2678?
26
Let a be 0/(2/2) + 1. Let w be 136/272*(34 - a - 1). Calculate the highest common divisor of w and 784.
16
Suppose 2*f + n - 31051 = 0, 5*n + 3429 = -f + 18950. What is the greatest common divisor of 42 and f?
14
Let t = -1715 + 1733. Calculate the greatest common divisor of t and 9666.
18
Let j be (183/(-6))/((-66)/12 - -5). Let g be (-2 - -3)*-2 - (-308 + 1). Calculate the greatest common factor of j and g.
61
Let q(v) = v**3 + 3*v**2 - 3*v - 9. Let w be q(-5). Let j be (-4 - 1)/(w/264). Calculate the highest common factor of j and 70.
10
Let g = -273 - -72. Let b = 208 + g. What is the highest common factor of b and 581?
7
Let o(t) = -1533*t - 19733. Let p be o(-13). What is the highest common factor of 1127 and p?
49
Suppose -271*l + 261*l = -1000. Let x = 286 - 192. Let c = l - x. What is the highest common factor of c and 27?
3
Let k = -141 - -162. Let b be 1 - 3/k - (-2)/14. Let o = b + 39. What is the greatest common divisor of 30 and o?
10
Suppose 8 = 2*r - 4. Let i(u) = -u**3 - 2*u**2 + 7*u + 13. Let l be i(-4). Suppose l*p - r*p - 1056 = 0. What is the highest common factor of p and 8?
8
Suppose 0 = -5*z + 2*x + 122, -3*z + x = -z - 48. Suppose 4689 = 14*o + 685. Calculate the greatest common factor of o and z.
26
Suppose i - 13790 - 1891 = -7*x, 4*x - 8994 = 5*i. What is the greatest common divisor of 18 and x?
9
Suppose 0*x = 13*x - 39. Suppose 110 = 4*l - x*l. Calculate the highest common factor of 30 and l.
10
Let d = -11483 - -28241. Calculate the greatest common divisor of d and 171.
171
Let o(t) = -942*t - 142. Let v be o(-3). What is the highest common factor of v and 22?
22
Let b = -1320 - -1332. Suppose 2*o = -10, -4*o = q - o + 13. Suppose 3*f = -q*x + 26 - 5, -x = -f + 12. Calculate the highest common factor of b and f.
3
Suppose 0 = 18*x - 57*x + 2808. Let h be (-3)/2*(-12)/(-9). Let l be 37 + 4/h - -1. What is the greatest common divisor of x and l?
36
Suppose 26 = 5*a + 6. Suppose 5*i - a*t = 56, 0 = -4*i + 3*t + 54 - 9. Let w = 71 + -11. What is the greatest common divisor of i and w?
12
Let j be 2/(1725/(-432) + 4). Suppose -187 = l - 3*d + d, -559 = 3*l - 5*d. Let g = l + j. Calculate the highest common factor of g and 15.
15
Suppose -8*s + 1271 = -2321. Let r be 22/(-88) - s/(-4). Let q = -62 + 90. What is the greatest common divisor of q and r?
28
Let t(p) = -p - 9. Let n be t(9). Let x be ((-24)/n)/((-2)/(-96)). Let d be ((-4)/(-1))/(75/150). What is the highest common factor of d and x?
8
Let g(p) = -p**2 - 41*p + 66. Suppose -8*i + 140 = -12*i. Let l be g(i). What is the greatest common factor of 12 and l?
12
Suppose 23 - 2 = -3*j. Let h be (-3)/j + (-2013)/(-7). Let l = 10627 - 10591. Calculate the highest common divisor of l and h.
36
Let u = 278 - 259. Let a(o) = -